tens digit of w?
7
Let c(s) = 86*s + 12. Let f be c(4). Suppose 1225 = f*p - 351*p. What is the units digit of p?
5
Let b = -39 + -15. Let i = b - -50. Let u(h) = -3*h**3 - 5*h**2 + 6*h + 14. What is the hundreds digit of u(i)?
1
Suppose -u = -x + 2, 4*x - 16 = -4*u - 0. Let o = x - 43. Let a = o - -148. What is the units digit of a?
8
Suppose -82*w + 1040557 = -564019. What is the ten thousands digit of w?
1
Suppose -9604 = 13*n - 14*n + 2*l, -3*n - 2*l + 28764 = 0. What is the thousands digit of n?
9
Suppose 0 = -4*c - 12, -16*n - 725 = -17*n - 2*c. Let g = n - 582. What is the hundreds digit of g?
1
Suppose -8*t + 5*t = -15. Let m(w) = -2 + t + w**2 - 3 + 7*w - 5. What is the tens digit of m(4)?
3
Let r(i) = i**3 + 9*i**2 - 21*i + 11. Let p be r(-11). Suppose p = 2*z - 416 + 144. What is the tens digit of z?
3
What is the hundreds digit of (-5832)/18*-2 + 6?
6
Let c(n) = -n**3 + 8*n**2 - 5*n + 8. Let z be c(7). Let j be 24/(-132) - (-3876)/z. Let q = j - 74. What is the tens digit of q?
0
Let u(y) = 522*y**2 + 86*y - 775. What is the hundreds digit of u(8)?
3
Let a(t) = -t**2 - 32*t - 9. Let b = 18 - 25. Let l be a(b). Let q = l - 76. What is the tens digit of q?
9
Let p(i) = -5*i - 40. Let t be p(-8). Suppose -4*x + 5*x - j = 835, t = 4*x - j - 3328. What is the tens digit of x?
3
Let z(x) = 15*x**2 + 230*x - 77. What is the thousands digit of z(-26)?
4
Suppose p - 22 = -5*q, -2*q = -p - 4 - 2. Suppose 3 = 3*l, -q*c = c + 2*l - 2. Suppose 6*n + c*n - 210 = 0. What is the tens digit of n?
3
Let s(w) = -231*w + 1372. Let t be s(6). Let g(h) = -15*h - 37 + 1 - 7. What is the tens digit of g(t)?
6
Let l be 116/5*(-1760)/(-64). Suppose 4*q - l = 622. What is the tens digit of q?
1
Let k(l) = 66*l**3 + l**2 + 70*l + 125. What is the tens digit of k(10)?
2
Let u(o) = -17*o - o**3 + 68 - 69 - 4*o**2 + 13*o. What is the tens digit of u(-5)?
4
What is the hundreds digit of (1832/(-32))/((-6)/4992) - 3?
6
Let z(b) = 18*b**2 - 4*b - 9. Let m be z(-3). What is the units digit of 43/((-44)/m*(-5)/12)?
7
Suppose -126*q + 2187262 = -3601808. What is the units digit of q?
5
Let v(l) = -l**2 - 20*l - 9. Let p be v(-9). Suppose -87*w = -p*w + 978. What is the units digit of w?
6
Let x(n) = 0 + 1 + 2*n + 19*n**2 + 7 - 2*n**3. Suppose 18*f - 177 + 33 = 0. What is the tens digit of x(f)?
1
Let a = -25799 - -41499. What is the tens digit of a?
0
Let t(m) = 2 - 22 + 3*m - 20. Let r be t(14). Suppose -4*k + l = -964, 482 = 2*k - 0*l - r*l. What is the tens digit of k?
4
Let m = 6 - 0. Let t be (-1)/(-3) - (-28)/m. Suppose 0*i = -i - 4*z + 92, 0 = -i - t*z + 88. What is the tens digit of i?
0
Let q(n) = n**2 + 12*n + 20. Let a be q(-12). Let o be ((-4)/a*2)/((-2)/(-30)). Let c(y) = 3*y**2 - 5*y + 1. What is the units digit of c(o)?
9
Let b = -145 + 148. Suppose -1241 = -2*m - 6*h + h, 0 = -m - b*h + 619. What is the tens digit of m?
2
Suppose 4*n + 2*x = -3*x - 16, 2*n = 4*x - 8. Let o be (n/10)/((-308)/310 + 1). Let m = o - -205. What is the hundreds digit of m?
1
Let d(f) = 2*f**2 + 19*f - 16. Let w be d(-10). Let v(l) = 96*l - 6. Let c be v(w). What is the tens digit of 2*1/4*c/(-3)?
9
Let j(f) = 192*f - 12. Let i be j(1). Let c = 184 - i. What is the units digit of c?
4
Let i(j) = -5*j**2 + 560*j - 4. What is the tens digit of i(106)?
7
Suppose 5*m + 3*c - 51376 = 0, -3*m = c - 25130 - 5694. What is the thousands digit of m?
0
Suppose -45 = -8*l + 27. Suppose 0 = 5*g + 2*r - l, -g + 15 = -4*r - 0*r. Suppose 835 = g*a + 175. What is the tens digit of a?
2
Let w(t) = 115*t - 1941. What is the hundreds digit of w(21)?
4
Let q = 1953 + -1004. What is the hundreds digit of q?
9
What is the thousands digit of ((141/(-564))/(1/(-508)))/(3/600)?
5
Let s = 6668 - -5584. What is the units digit of s?
2
Let d be (5/(-10))/((-4)/(-24)). What is the units digit of (-5284)/d - (-11)/(-33)?
1
Let m(l) = 129*l - 45*l + 7 - 25*l - 41*l. Let j = 9 - 6. What is the tens digit of m(j)?
6
Let t(k) be the first derivative of -k**3/3 - 11*k**2/2 - 18*k - 21. Let l be t(-10). Let y(a) = a**3 + 8*a**2 - 5*a + 9. What is the units digit of y(l)?
9
Let h be 5 + 1*(-7 + 2). Suppose -2*r + 4*o + 138 = h, 2*r + 3*o = 116 + 43. What is the units digit of r?
5
What is the tens digit of (-48)/112 - 76872/(-28)?
4
Suppose 4*r = -64*p + 61*p + 7, 4*r - 5*p - 31 = 0. Suppose 3*o - 2*s - 3339 = 0, 5*o + r*s + s - 5565 = 0. What is the tens digit of o?
1
Let l = 21 + -30. Let h(t) = t**3 + 10*t**2 + 2*t + 6. Let n be h(l). Let s = 167 - n. What is the units digit of s?
8
Let z(l) = -l**3 + 21*l**2 + 18*l + 48. Let o be z(21). Let x = -150 + o. Suppose 0 = -278*q + x*q + 472. What is the units digit of q?
6
Let k be -6 - 365*(-4)/(-10). Let j = k + 174. What is the units digit of j?
2
Suppose 6*g - 1013 = 1441. Suppose 3*v + g = 1519. What is the tens digit of v?
7
Suppose -2*x = 2*h - 10, 6*x - 2*x = -5*h + 23. Suppose 3*n + 3*o = 996, -229 = -n - h*o + 95. What is the units digit of n?
6
Let h(v) = v**3 - 11*v**2 - 32*v + 21. Let f be h(14). Let p = f - 25. Let j = p - 82. What is the units digit of j?
4
Let z = 295 - 291. Suppose z*r + 3*g = 1327, 330 = r - 4*g + 3*g. What is the tens digit of r?
3
Let o be 3 - (-1564 - -8) - 6. Let a = o - 901. What is the tens digit of a?
5
Suppose -4*k + 2*w = 7 - 21, w + 5 = k. Suppose -53*p + 52*p - 3066 = -k*u, 6120 = 4*u + 4*p. What is the thousands digit of u?
1
Suppose 18 = 32*p + 2455 + 699. Let f(k) = 7*k**2 - 2*k + 3. Let o be f(4). Let h = p + o. What is the units digit of h?
9
Let w(m) = -55*m - 5. Suppose 0 = -4*p + 3*b - 1, p + 4 = 2*p - 5*b. What is the units digit of w(p)?
0
Suppose -4*v + x = -19, 2*v = -0*v + 5*x + 23. Let i(q) = 204*q - 5. What is the tens digit of i(v)?
1
Suppose a - 8 = 1. Suppose -a*v + 2*v = -287. Suppose 3*h - 158 + v = 0. What is the units digit of h?
9
Suppose -5*g = -0*g - 20, 3404 = 2*l - 3*g. Let t(w) = -w**3 + 30*w**2 - 2*w + 56. Let s be t(30). What is the units digit of ((-3)/s)/(-5 + 8547/l)?
3
Suppose 18*s = 19*s - 17*s + 203680. What is the ten thousands digit of s?
1
Suppose -21*r = 6*r - 19*r - 423160. What is the hundreds digit of r?
8
Let k = -109 - -110. Let h = k + 1. Suppose 5*g + 0*v + v - 330 = 0, 5*g - h*v - 315 = 0. What is the units digit of g?
5
Let x(m) = m**3 - 12*m**2 + 18*m - 16. Let y be x(12). What is the tens digit of (646/136)/(2/y)?
7
Suppose 149 = -29*d + 30*d. Let l = d - -147. What is the hundreds digit of l?
2
Let n(t) = 19*t - 207. Let f be n(11). Suppose 1086 + 48 = f*q. What is the hundreds digit of q?
5
What is the tens digit of (14 + -6 + (6 - 8) - 10) + 8589?
8
Let f(x) = -x**3 - 13*x**2 - 24*x - 12. Let b = 36 - 49. What is the hundreds digit of f(b)?
3
Let h = 172 - 170. Suppose j - 48 = 3*a - a, h*j = 3*a + 96. What is the units digit of j?
8
Let d = 110688 - 61713. What is the tens digit of d?
7
Let k(j) = -j**2 - 6*j - 5. Let w be k(-4). Let u(p) = p**w + 11*p**2 + 60 - 52 + 8*p - 3*p. What is the units digit of u(-10)?
8
Suppose 0 = -x + 2*g + 2 - 9, 30 = 5*x + 3*g. Suppose -4*p - 260 = -k + p, x*k = p + 850. What is the tens digit of k?
8
Suppose 4*r + 192 = r. Let i be r/(-6)*30/20. Suppose -i*g + 21*g = 745. What is the tens digit of g?
4
Suppose 42980 = 4*t - f, 0*t - 21490 = -2*t + 3*f. What is the units digit of t?
5
Suppose 4*g = -5*k + 61400, k = -3*g - 13706 + 59745. What is the tens digit of g?
4
Suppose 0 = 9*n - 164*n + 988745. What is the units digit of n?
9
Suppose 3*v - 27 = -2*v - 2*x, 2*v = 5*x + 5. Suppose -v*g + 561 = -3*t, 0 = -t + 5*t + 8. Let r = 191 - g. What is the units digit of r?
0
Suppose r = 2*t + 2*r - 8, -2*r - 8 = 0. Suppose -3 = d - t. Suppose -5*q + 256 = -5*z - 169, d*q - 4*z - 252 = 0. What is the units digit of q?
8
Let h(m) = -6*m**3 + 14*m**2 + 13*m + 304. What is the hundreds digit of h(-20)?
6
Let k = -3 - -15. Let r(v) = -4*v - 7*v - k - 5*v. What is the tens digit of r(-4)?
5
Suppose 16*s - 13*s = 9. Suppose 4*z - 5*b = 1180, 3*z + 1180 = 7*z + s*b. What is the tens digit of z?
9
Suppose -v - 5*t + 7175 = 0, -t = -4*t - 9. What is the thousands digit of v?
7
Suppose -2*j - 2*b + 46 = 0, 3*b - 25 = -16. What is the units digit of 33/(-2)*(-2 - j/30)?
4
What is the tens digit of ((-105)/28)/15 - 90954/(-8)?
6
Let x = -54 + 27. 